{"id":1335,"date":"2016-04-21T21:22:48","date_gmt":"2016-04-21T19:22:48","guid":{"rendered":"http:\/\/www.overlord.it\/new\/?page_id=1335"},"modified":"2023-09-21T03:10:10","modified_gmt":"2023-09-21T01:10:10","slug":"il-circolo-per-i-giovani","status":"publish","type":"page","link":"https:\/\/www.overlord.it\/new\/il-circolo-per-i-giovani\/","title":{"rendered":"Attivit\u00e0 per il Sociale"},"content":{"rendered":"\n<style type=\"text\/css\" data-created_by=\"avia_inline_auto\" id=\"style-css-av-3h9mpj-a52545fa8b20cee46d347d482019bf38\">\n#top .av-special-heading.av-3h9mpj-a52545fa8b20cee46d347d482019bf38{\npadding-bottom:10px;\ncolor:#f9343b;\n}\n.av-special-heading.av-3h9mpj-a52545fa8b20cee46d347d482019bf38 .special-heading-inner-border{\nborder-color:#f9343b;\n}\n<\/style>\n<div  class='av-special-heading av-3h9mpj-a52545fa8b20cee46d347d482019bf38 av-special-heading-h3 custom-color-heading  avia-builder-el-0  el_before_av_textblock  avia-builder-el-first  '><h3 class='av-special-heading-tag '  itemprop=\"headline\"  >Giovani in Circolo<\/h3><div class='special-heading-border'><div class='special-heading-inner-border'><\/div><\/div><\/div>\n<section  class='av_textblock_section av-20ap0n-2a7b66811a28035b9f157e909d50a40a '  itemscope=\"itemscope\" itemtype=\"https:\/\/schema.org\/CreativeWork\" ><div class='avia_textblock '  itemprop=\"text\" ><p style=\"text-align: justify;\"><strong><span style=\"color: #3366ff;\"><a style=\"color: #3366ff;\" href=\"https:\/\/padovaper.comune.padova.it\/index.php\/node\/1434\">Giovani in Circolo<\/a><\/span><\/strong> nasce allo scopo di avvicinare ragazze e ragazzi dai 12 ai 18 anni all&#8217;esperienza del gioco intelligente e creativo, proponendo giochi di carattere educativo e formativo connotati da una forte componente di socializzazione.<\/p>\n<p style=\"text-align: justify;\">Pur mettendo al primo posto l&#8217;aspetto ludico e il divertimento il Circolo Overlord suggerisce ai giovani ospiti tipologie di gioco che possono contribuire a sviluppare conoscenze, capacit\u00e0 e competenze utili, oltre ad incentivare la competizione sana, sportiva e lo spirito d\u2019aggregazione.<\/p>\n<p style=\"text-align: justify;\">Tra i giochi in grado di contribuire allo sviluppo di conoscenze, indichiamo a titolo esemplificativo:<\/p>\n<ul>\n<li style=\"text-align: justify;\">cooperazione (es.: <em>Pandemia, Elder Sign)<\/em><\/li>\n<li style=\"text-align: justify;\">creativit\u00e0 ed immaginazione (es.: <em>Dixit)<\/em><\/li>\n<li style=\"text-align: justify;\">investigazione e deduzione (es.: <em>Avalon, Homeland)<\/em><\/li>\n<li style=\"text-align: justify;\">conoscenze di storia moderna (es.: <em>Cold War)<\/em><\/li>\n<li style=\"text-align: justify;\">gestione delle risorse (es.: <em>Seven Wonders, Stone Age)<\/em><\/li>\n<\/ul>\n<\/div><\/section>\n<div  class='hr av-84t0c7-7035bf4be2d3a59e6745dcb5b4d307ee hr-default  avia-builder-el-2  el_after_av_textblock  el_before_av_heading  '><span class='hr-inner '><span class=\"hr-inner-style\"><\/span><\/span><\/div>\n\n<style type=\"text\/css\" data-created_by=\"avia_inline_auto\" id=\"style-css-av-lmsgbi9b-6990996d91f53a3289824f7254cfc4e2\">\n#top .av-special-heading.av-lmsgbi9b-6990996d91f53a3289824f7254cfc4e2{\npadding-bottom:10px;\ncolor:#ed0b13;\n}\n.av-special-heading.av-lmsgbi9b-6990996d91f53a3289824f7254cfc4e2 .special-heading-inner-border{\nborder-color:#ed0b13;\n}\n<\/style>\n<div  class='av-special-heading av-lmsgbi9b-6990996d91f53a3289824f7254cfc4e2 av-special-heading-h3 custom-color-heading  avia-builder-el-3  el_after_av_hr  el_before_av_textblock  '><h3 class='av-special-heading-tag '  itemprop=\"headline\"  >D&#038;D for Kids<\/h3><div class='special-heading-border'><div class='special-heading-inner-border'><\/div><\/div><\/div>\n<section  class='av_textblock_section av-lmsgdqm1-ae89807c74f477054e4bd962447acb11 '  itemscope=\"itemscope\" itemtype=\"https:\/\/schema.org\/CreativeWork\" ><div class='avia_textblock '  itemprop=\"text\" ><p lang=\"it-IT\" style=\"text-align: justify;\" xml:lang=\"it-IT\"><strong><span style=\"color: #3366ff;\"><a style=\"color: #3366ff;\" href=\"https:\/\/padovaper.comune.padova.it\/index.php\/node\/1432\">D&amp;D for kids<\/a><\/span><\/strong> \u00e8 un&#8217;iniziativa nata dalla passione di alcuni nostri soci con figli in et\u00e0 infantile, che hanno gi\u00e0 sperimentato i benefici del gioco di ruolo quale strumento educativo e si sono resi disponibili ad estendere questa esperienza ad altre famiglie.<\/p>\n<p lang=\"it-IT\" style=\"text-align: justify;\" xml:lang=\"it-IT\">Utilizzando un regolamento molto semplificato, e sempre sotto la guida degli organizzatori e la supervisione dei loro genitori, i bambini hanno l&#8217;occasione di cimentarsi in avventure, con&nbsp;tema e svolgimento adatti&nbsp;alla loro giovane et\u00e0, in cui la collaborazione con gli altri giocatori, la saggia e fantasiosa gestione delle risorse, la valorizzazione delle caratteristiche e delle capacit\u00e0 di ogni giovane avventuriero e la gioia del successo condiviso costituiscono un&#8217;esperienza profondamente formativa ed al contempo straordinariamente entusiasmante per i piccoli partecipanti.<\/p>\n<\/div><\/section>\n<div  class='hr av-5tcw6v-b6070952c03ec6502fe471daf03e29e4 hr-default  avia-builder-el-5  el_after_av_textblock  el_before_av_textblock  '><span class='hr-inner '><span class=\"hr-inner-style\"><\/span><\/span><\/div>\n<section  class='av_textblock_section av-lmsgi5l7-bab554c08daca9cdeebe669b670c355f '  itemscope=\"itemscope\" itemtype=\"https:\/\/schema.org\/CreativeWork\" ><div class='avia_textblock '  itemprop=\"text\" ><p>Sin dal 2012 il Circolo Overlord propone queste attivit\u00e0 ai giovani in collaborazione con il <strong><span style=\"color: #3366ff;\"><a style=\"color: #3366ff;\" href=\"http:\/\/www.padovanet.it\/sindaco-e-amministrazione\/quartiere-2-nord\">Quartiere 2 Nord<\/a><\/span><\/strong> ed il <strong><span style=\"color: #3366ff;\"><a style=\"color: #3366ff;\" href=\"http:\/\/www.padovanet.it\/\">Comune di Padova<\/a><\/span><\/strong> ottenendo sempre riscontri positivi sia fra i ragazzi che tra le famiglie nello svolgimento dei giochi, che si sono rivelati adatti a coniugare divertimento ed esperienza formativa.<\/p>\n<p>Gli incontri sono realizzati per favorire la partecipazione dei pi\u00f9 giovani<\/p>\n<p><strong>ogni secondo e quarto <\/strong><strong>sabato del mese <\/strong>nel pomeriggio<strong> dalle 15:00 alle 19:00<\/strong><\/p>\n<p>nella nostra sede in <strong><span style=\"color: #3366ff;\"><a style=\"color: #3366ff;\" href=\"http:\/\/www.overlord.it\/new\/index.php\/chi-dove-quando\/come-arrivare\/\">via Pontevigodarzere 222<\/a><\/span><\/strong><\/p>\n<p>disponendo tavoli <em>ad hoc<\/em>, affiancati da Soci preparati in grado di seguire i ragazzi che si approcciano per la prima volta al gioco.<br \/>\nLa partecipazione \u00e8 completamente gratuita: materiali, giochi, organizzazione e gestione dell\u2019evento sono forniti in modo completo dal Circolo Overlord e dai suoi Soci.<\/p>\n<p>Scrivi a <strong><span style=\"color: #3366ff;\"><a style=\"color: #3366ff;\" href=\"mailto:info@overlord.it\">info@overlord.it<\/a><\/span><\/strong> per ogni informazione.<\/p>\n<\/div><\/section>\n<div  class='hr av-4rikzb-594733d6747d985998ae10feb935b533 hr-default  avia-builder-el-7  el_after_av_textblock  el_before_av_social_share  '><span class='hr-inner '><span class=\"hr-inner-style\"><\/span><\/span><\/div>\n<div  class='av-social-sharing-box av-1uhi5j-d3a89048563806afb5c0ec604cb8e237 av-social-sharing-box-default  avia-builder-el-8  el_after_av_hr  avia-builder-el-last  av-social-sharing-box-fullwidth '><div class=\"av-share-box\"><h5 class='av-share-link-description av-no-toc '>Condividi questo articolo<\/h5><ul class=\"av-share-box-list noLightbox\"><li class='av-share-link av-social-link-facebook' ><a target=\"_blank\" aria-label=\"Condividi su Facebook\" href='https:\/\/www.facebook.com\/sharer.php?u=https:\/\/www.overlord.it\/new\/il-circolo-per-i-giovani\/&#038;t=Attivit%C3%A0%20per%20il%20Sociale' aria-hidden='false' data-av_icon='\ue8f3' data-av_iconfont='entypo-fontello' title='' data-avia-related-tooltip='Condividi su Facebook' rel=\"noopener\"><span class='avia_hidden_link_text'>Condividi su Facebook<\/span><\/a><\/li><li class='av-share-link av-social-link-twitter' ><a target=\"_blank\" aria-label=\"Condividi su Twitter\" href='https:\/\/twitter.com\/share?text=Attivit%C3%A0%20per%20il%20Sociale&#038;url=https:\/\/www.overlord.it\/new\/?p=1335' aria-hidden='false' data-av_icon='\ue8f1' data-av_iconfont='entypo-fontello' title='' data-avia-related-tooltip='Condividi su Twitter' rel=\"noopener\"><span class='avia_hidden_link_text'>Condividi su Twitter<\/span><\/a><\/li><li class='av-share-link av-social-link-pinterest' ><a target=\"_blank\" aria-label=\"Condividi su Pinterest\" href='https:\/\/pinterest.com\/pin\/create\/button\/?url=https%3A%2F%2Fwww.overlord.it%2Fnew%2Fil-circolo-per-i-giovani%2F&#038;description=Attivit%C3%A0%20per%20il%20Sociale&#038;media=' aria-hidden='false' data-av_icon='\ue8f8' data-av_iconfont='entypo-fontello' title='' data-avia-related-tooltip='Condividi su Pinterest' rel=\"noopener\"><span class='avia_hidden_link_text'>Condividi su Pinterest<\/span><\/a><\/li><li class='av-share-link av-social-link-linkedin' ><a target=\"_blank\" aria-label=\"Condividi su LinkedIn\" href='https:\/\/linkedin.com\/shareArticle?mini=true&#038;title=Attivit%C3%A0%20per%20il%20Sociale&#038;url=https:\/\/www.overlord.it\/new\/il-circolo-per-i-giovani\/' aria-hidden='false' data-av_icon='\ue8fc' data-av_iconfont='entypo-fontello' title='' data-avia-related-tooltip='Condividi su LinkedIn' rel=\"noopener\"><span class='avia_hidden_link_text'>Condividi su LinkedIn<\/span><\/a><\/li><li class='av-share-link av-social-link-tumblr' ><a target=\"_blank\" aria-label=\"Condividi su Tumblr\" href='https:\/\/www.tumblr.com\/share\/link?url=https%3A%2F%2Fwww.overlord.it%2Fnew%2Fil-circolo-per-i-giovani%2F&#038;name=Attivit%C3%A0%20per%20il%20Sociale&#038;description=' aria-hidden='false' data-av_icon='\ue8fa' data-av_iconfont='entypo-fontello' title='' data-avia-related-tooltip='Condividi su Tumblr' rel=\"noopener\"><span class='avia_hidden_link_text'>Condividi su Tumblr<\/span><\/a><\/li><li class='av-share-link av-social-link-vk' ><a target=\"_blank\" aria-label=\"Condividi su Vk\" href='https:\/\/vk.com\/share.php?url=https:\/\/www.overlord.it\/new\/il-circolo-per-i-giovani\/' aria-hidden='false' data-av_icon='\ue926' data-av_iconfont='entypo-fontello' title='' data-avia-related-tooltip='Condividi su Vk' rel=\"noopener\"><span class='avia_hidden_link_text'>Condividi su Vk<\/span><\/a><\/li><li class='av-share-link av-social-link-reddit' ><a target=\"_blank\" aria-label=\"Condividi su Reddit\" href='https:\/\/reddit.com\/submit?url=https:\/\/www.overlord.it\/new\/il-circolo-per-i-giovani\/&#038;title=Attivit%C3%A0%20per%20il%20Sociale' aria-hidden='false' data-av_icon='\ue927' data-av_iconfont='entypo-fontello' title='' data-avia-related-tooltip='Condividi su Reddit' rel=\"noopener\"><span class='avia_hidden_link_text'>Condividi su Reddit<\/span><\/a><\/li><li class='av-share-link av-social-link-mail' ><a  aria-label=\"Condividi attraverso Mail\" href='mailto:?subject=Attivit%C3%A0%20per%20il%20Sociale&#038;body=https:\/\/www.overlord.it\/new\/il-circolo-per-i-giovani\/' aria-hidden='false' data-av_icon='\ue805' data-av_iconfont='entypo-fontello' title='' data-avia-related-tooltip='Condividi attraverso Mail'><span class='avia_hidden_link_text'>Condividi attraverso Mail<\/span><\/a><\/li><\/ul><\/div><\/div>\n","protected":false},"excerpt":{"rendered":"","protected":false},"author":23,"featured_media":0,"parent":0,"menu_order":0,"comment_status":"closed","ping_status":"closed","template":"","meta":{"ngg_post_thumbnail":0},"_links":{"self":[{"href":"https:\/\/www.overlord.it\/new\/wp-json\/wp\/v2\/pages\/1335"}],"collection":[{"href":"https:\/\/www.overlord.it\/new\/wp-json\/wp\/v2\/pages"}],"about":[{"href":"https:\/\/www.overlord.it\/new\/wp-json\/wp\/v2\/types\/page"}],"author":[{"embeddable":true,"href":"https:\/\/www.overlord.it\/new\/wp-json\/wp\/v2\/users\/23"}],"replies":[{"embeddable":true,"href":"https:\/\/www.overlord.it\/new\/wp-json\/wp\/v2\/comments?post=1335"}],"version-history":[{"count":10,"href":"https:\/\/www.overlord.it\/new\/wp-json\/wp\/v2\/pages\/1335\/revisions"}],"predecessor-version":[{"id":2689,"href":"https:\/\/www.overlord.it\/new\/wp-json\/wp\/v2\/pages\/1335\/revisions\/2689"}],"wp:attachment":[{"href":"https:\/\/www.overlord.it\/new\/wp-json\/wp\/v2\/media?parent=1335"}],"curies":[{"name":"wp","href":"https:\/\/api.w.org\/{rel}","templated":true}]}}